be (1 - 0 - -5)/2. Suppose 5*i = -6 - 9, 19 = a - b*i. Calculate the remainder when k(0) is divided by a.
8
Let d(l) = -5 - l + 1 - 3. Let r be d(-10). Suppose -4*v = -3*v - r. Calculate the remainder when v is divided by 2.
1
Let k(d) = 6*d + 8. Suppose 0 = -0*c - 2*c - 20. Let u = 1 - c. Calculate the remainder when k(4) is divided by u.
10
Suppose -5*b + b + 68 = -3*s, 3*b + 2*s - 51 = 0. Suppose 5*k = 9*k - 268. What is the remainder when k is divided by b?
16
Suppose 0 = 5*f - 4*f - 1. Let z = f + 12. Calculate the remainder when 51 is divided by z.
12
Let m = 12 + 3. What is the remainder when 56 is divided by m?
11
Suppose 5*v + 37 = 97. What is the remainder when 69 is divided by v?
9
Let v = 3 + 0. Suppose 4*o = 7 - v. What is the remainder when 6 is divided by o/(3/12*2)?
0
Suppose -n = -3*i - 5*n - 56, 2*i - 3*n + 60 = 0. Let r be 2/((i/9)/4). Let v(c) = 3*c**2 + c - 1. What is the remainder when v(r) is divided by 8?
7
Let a = -59 + 105. Calculate the remainder when a is divided by 12.
10
Suppose 4*v = -5*w + 59, -3*w - 11 = -2*v - 42. Calculate the remainder when 18 is divided by w.
7
Let g = 22 - 10. What is the remainder when 44 is divided by g?
8
Calculate the remainder when 40 is divided by (66/9)/(-5*2/(-15)).
7
Let a(u) = u**3 - 8*u**2 + 14*u - 6. What is the remainder when a(7) is divided by 19?
5
Suppose 0 = 4*u + 4*t - 540 + 88, 5*t + 452 = 4*u. Calculate the remainder when u is divided by 19.
18
Let z(y) = y**2 - 2*y + 3. Let p be z(3). Suppose u + 110 = p*u. Let q = -15 + u. Calculate the remainder when 12 is divided by q.
5
Let c(m) = m**3 + 14*m**2 + 14*m + 16. Suppose 0 = 4*s - 2*s - 3*z - 19, 4 = -s - 3*z. Calculate the remainder when s is divided by c(-13).
2
Let m = 5 + 2. Suppose 0*z + z = m. What is the remainder when z is divided by 4?
3
Let g(f) = -f**2 + 6*f + 4. Let u(r) = -r + 17. Let v be u(6). Calculate the remainder when v/22 - 49/(-2) is divided by g(5).
7
Let h(t) = 10*t**2 - 3*t - 2. Suppose -s + 3*c = -6 - 4, -3*s + 2 = 5*c. What is the remainder when h(-1) is divided by s?
3
Suppose -3*p + 2 = y, 106 = 5*y - 5*p + 16. Calculate the remainder when 41 is divided by (1 + 3)/(4/y).
13
Let h(l) = 7*l - 22. Calculate the remainder when 103 is divided by h(7).
22
Suppose 7 = z + 3. Suppose 0 = 2*i - 5*g + 2, -g = z*g - 20. Calculate the remainder when 26 is divided by i.
8
Suppose 44 + 28 = 3*t. What is the remainder when 71 is divided by t?
23
Let a be (6 - 5)/(1/5). Let i = 7 - a. What is the remainder when 37 is divided by i/(-6) - (-120)/9?
11
Let b(n) = -n**3 - 5*n**2 - 5*n - 6. Let s be b(-4). Suppose 3*t - 82 = -4*q + 4, t + 48 = 2*q. What is the remainder when q is divided by 343/28 + s/8?
11
Let d = -98 - -154. Calculate the remainder when d is divided by 19.
18
Calculate the remainder when 19 is divided by (-2)/7 + 51/7.
5
Let k = 0 + 25. Calculate the remainder when k is divided by 9.
7
Suppose -4*y + 393 = 45. What is the remainder when y is divided by 30?
27
Let z(y) = 2*y**2 + 7*y - 7. Let o be z(8). Let s = -112 + o. What is the remainder when s is divided by 22?
21
Let y = -14 + 9. Let f(u) = 7*u + 7. Let h(i) = 8*i + 7. Let c(k) = y*f(k) + 4*h(k). What is the remainder when 43 is divided by c(-6)?
10
Let w = -51 + 71. What is the remainder when 77 is divided by w?
17
Let z = 49 - -129. Let o = z + -111. Calculate the remainder when o is divided by 17.
16
Suppose -29 = -z - 0*z. Calculate the remainder when z is divided by 8.
5
Calculate the remainder when 28 is divided by 1 - (-2)/((-10)/(-35)).
4
Let h(x) = -x**3 - 3*x**2 + 5*x + 2. What is the remainder when h(-5) is divided by 10?
7
Suppose 0 = -2*m + 2*l + 20, -m - 8 = -2*m + 2*l. Calculate the remainder when 46 is divided by m.
10
Suppose -5*v = -3*h + 4 - 489, 2*v = -5*h + 194. What is the remainder when v is divided by 25?
22
Let x be 2 + 143 + -3 - 4. Suppose x + 114 = 7*s. Suppose -8 = -2*z + 18. What is the remainder when s is divided by z?
10
Suppose 0 = 4*r - 6*r - 3*s + 6, 3*r - 23 = -s. Calculate the remainder when 14 is divided by r.
5
Suppose -2*s + s + 9 = 0. What is the remainder when s is divided by 3?
0
Let m be ((-228)/(-3) - -2) + -2. Suppose 3*w - m - 47 = 0. What is the remainder when w is divided by 21?
20
Let j be (-35 - -2)/(2/4). Let p = 135 + j. Suppose 0 = 5*o - 4*f - 57, -5*o - 4*f + p = -4. Calculate the remainder when 37 is divided by o.
11
Let o(h) = 4*h + 1. Let x be o(-1). Let z = 16 + x. Calculate the remainder when 38 is divided by z.
12
Suppose 0 = v - 4*l - 25, -5*v - 2*l + 50 = -7*l. Let f(i) = 2*i - 3. Suppose 4*w = -0 + 16. What is the remainder when f(v) is divided by w?
3
Suppose 4*q - 2*l - 12 = -0, -5*q + 8 = l. Suppose 4 = h - q*h. Let n = h - -8. Calculate the remainder when n is divided by 2.
0
Let q(t) = -t**3 + 4*t**2 - 3*t - 1. Let l be q(3). Let r = 4 - l. What is the remainder when r is divided by 4?
1
Calculate the remainder when 29 is divided by (15 - -1)/(-2)*-1.
5
Let f = 11 - 5. What is the remainder when 59 is divided by ((-60)/(-18))/(1/f)?
19
Let u(t) = -t**3 + 8*t**2 - 5*t - 3. What is the remainder when 30 is divided by u(7)?
8
Suppose -t = -3*t + 12. Let i(p) = -2*p - p**3 + 0*p**2 + 0*p + t*p**2 - 5. Calculate the remainder when i(5) is divided by 6.
4
Let z = -11 + 8. Calculate the remainder when 12 is divided by (-2 + -1 - z) + 4.
0
Let k(l) = -44*l - 5. Let g(c) = -43*c - 6. Let r(f) = -4*g(f) + 5*k(f). Let o be r(1). Let w = o + 74. What is the remainder when 49 is divided by w?
24
Let n be (3/(-6))/((-2)/(-24)). What is the remainder when 25 is divided by n*(1/2 + -2)?
7
What is the remainder when 120 is divided by 28/(-126) + (-53)/9*-7?
38
Let h = 0 - -5. Suppose -h = -2*r + r. Let p(j) = j**2 - 4*j + 6. What is the remainder when 41 is divided by p(r)?
8
Let t = -25 - -35. Suppose 6*q - 183 = -21. What is the remainder when q is divided by t?
7
Let d = -47 - -72. Suppose -14 = -s + d. What is the remainder when s is divided by 14?
11
Let x(j) = -11*j + 2. Let z be x(-4). Suppose 0 = y + 9 - z. What is the remainder when y is divided by 13?
11
Let p(t) be the second derivative of -1/2*t**3 + 1/2*t**2 + 3*t + 0. What is the remainder when p(-6) is divided by 7?
5
Let t = 4 - 2. Suppose -t*v + 14 = 6. Let d(l) = 2*l. What is the remainder when 14 is divided by d(v)?
6
Suppose -3*m + 2 = -2*z - 2*m, -2*z - 5*m = -10. Suppose -2*v - 3*v + 175 = z. Calculate the remainder when v is divided by 12.
11
Let p(a) = -a**2 - 9*a - 4. Let z be p(-8). Suppose z*q - 90 = -q. What is the remainder when 53 is divided by q?
17
Suppose 2*x - h = 25, -2*x - 4*h = -5*x + 50. Suppose 4 + 48 = 4*o. Let a = o + -7. What is the remainder when x is divided by a?
4
Let p = -22 - -48. Calculate the remainder when 51 is divided by p.
25
Suppose r = -r + 18. Let f(q) = 2*q**2 + 14*q - 7. Let w(i) = -i**2 - 13*i + 7. Let v(m) = -2*f(m) - 3*w(m). Calculate the remainder when 19 is divided by v(r).
8
Let k be ((-15)/10)/(6/16). Let v = 8 + k. Calculate the remainder when 9 is divided by v.
1
Suppose 5*h = -5*c + 100, -h + 3*h - 70 = -4*c. Suppose -c = 6*o - 3*o. What is the remainder when 29 is divided by (3*o)/((-6)/4)?
9
Suppose -v - 54 = -b, -4*b + b - 3*v + 132 = 0. Calculate the remainder when b is divided by 26.
23
Let h = -68 - -98. What is the remainder when 117 is divided by h?
27
Suppose -6*b + 2*b + 92 = 0. What is the remainder when ((-4)/2)/((-1)/45) is divided by b?
21
Calculate the remainder when 5/(-20) + 306/8 is divided by 13.
12
Let n be 4 + (-1)/4*-4. Let o(w) = -w**3 + 6*w**2 + 2*w - 1. Let z(u) = 5*u + 3. Calculate the remainder when o(n) is divided by z(3).
16
Let d(u) = -u**3 - 5*u**2 - 3*u + 4. Let w be d(-4). Let i = w + 31. What is the remainder when i is divided by 16?
15
Suppose 5*i + 73 = 8. Let y(q) = -q + 1. Calculate the remainder when (-42)/(-8) + i/52 is divided by y(-1).
1
Calculate the remainder when 53 is divided by 15 - 5/(-9 + 4).
5
Suppose -4*i - 8 = 0, -2*y + 23 = y + 5*i. What is the remainder when 21 is divided by y?
10
Let a(t) = -2*t - 22. What is the remainder when 13 is divided by a(-15)?
5
Let v(r) = -2*r**2 - 7*r + 7. Suppose 0 = -2*z - 0*z + 3*a + 16, -4 = -a. What is the remainder when z is divided by v(-3)?
4
Suppose -4*s + p + 71 = 0, s - 2*